)?
3
Suppose -23 + 8 = -3*s. Suppose 16 = -s*t + 4*u + 54, -3*t + 33 = u. Suppose 9*g + 121 = t*g. What is the tens digit of g?
2
Let l(w) = -w**3 + 87*w**2 - 161*w - 33. What is the ten thousands digit of l(74)?
5
Let w = -6214 - -10796. What is the thousands digit of w?
4
Let n be (-92)/(-6) - (-4)/(-12). Let m be (-4)/(-6) + (-2320)/n. Let k = m - -249. What is the tens digit of k?
9
Let o(r) = -12*r + 7455. What is the thousands digit of o(30)?
7
Suppose -134844 = -34*i + 30011 + 55941. What is the tens digit of i?
9
Let r(v) = 42637*v**2 - 5*v**3 + v**3 - 42642*v**2 + 3*v - 8*v. Let k be (-13)/5 - 10/25. What is the units digit of r(k)?
8
Let g = -492 - -1389. Let u = g + -446. What is the hundreds digit of u?
4
Let a(f) = -f**3 - 12*f**2 - 12*f - 28. Let g be a(-14). Suppose -4*c = 3*k - 245 - 95, 2*c = 5*k - g. What is the hundreds digit of k?
1
Let u(z) = -z**3 + 25*z**2 - 8*z - 24. Let r be u(14). Let y = -1205 + r. What is the units digit of y?
5
Let c = 122613 - 86529. What is the tens digit of c?
8
Let u = 34 - 25. Suppose -t + u*t - 1488 = 0. Suppose -z - 28 = -t. What is the units digit of z?
8
Suppose -6350 = -12*l - 5150. Let s(r) = 33*r. Let p be s(2). Let z = l - p. What is the tens digit of z?
3
Suppose -t - 4*l = 2*t - 5329, 3549 = 2*t - l. Let p = t + -1166. What is the hundreds digit of p?
6
Suppose -3*n - 266 = -m, 3*n + 1071 - 261 = 3*m. Let u = -252 + m. What is the units digit of u?
0
Suppose -t + 6 = 15*w - 14*w, 2*t = -5*w + 18. What is the hundreds digit of -42*(w + (-11 - -1))?
3
Suppose 4*a - 59 = -5*l, -4*l = l - 3*a - 52. Let d(z) = z**3 - 11*z**2 + 7. Let y be d(l). Suppose -12*m = -y*m - 1085. What is the hundreds digit of m?
2
Suppose 56*d - 3220506 = 18254. What is the hundreds digit of d?
8
Let z be (0 + -1)/(6 - (-75)/(-12)). Let v be 96/(-4)*(2 - 94/z). What is the tens digit of 0 - v/(-26) - (-2)/13?
2
Suppose -16*b = -0*b - 176. Let l = 18 - b. Suppose -l*z + 1126 = -260. What is the hundreds digit of z?
1
Let a(k) = -k**2 - 29*k + 34. Let p be a(-30). Suppose 3*x + 1632 = 3*l, -1617 = -3*l - p*x + 2*x. What is the hundreds digit of l?
5
Let v = 42 + -40. Suppose 1078 = 4*c + 2*a, 8*a = v*c + 4*a - 514. What is the hundreds digit of c?
2
Let w(r) = -r**3 + 9*r**2 + 6*r + 10. Let z be w(10). Let p be z/(-12)*(2 - 0). Suppose 2*g = p*v + 193, v + 21 = -2*g + 184. What is the units digit of g?
4
Let p = -7165 - -30739. What is the ten thousands digit of p?
2
Let c = -10 - -17. Let d = -7 + c. Suppose -n + 45 = -d*n. What is the tens digit of n?
4
Suppose -324022 + 2428842 = 11*g + 105*g. What is the tens digit of g?
4
Let n(f) = -f**3 + 7*f**2 + 4*f + 8. Let o be n(6). Suppose m = -4*x - 3*m + 72, -4*m = -3*x + o. Suppose -h = -21 - x. What is the tens digit of h?
4
Let s be 10895/15 + (-1)/3. Suppose s = 4*l - 0*f - 3*f, 909 = 5*l - 3*f. What is the hundreds digit of l?
1
Let w be 2/17 + (-1 - 19698/102). Let d be (-1904)/(-6) + 1/(-3). Let i = d + w. What is the tens digit of i?
2
Suppose 3*v + 71*i - 66187 = 70*i, i + 44123 = 2*v. What is the tens digit of v?
6
Let x be (602/(-2) - -2)/(-105 - -104). Suppose 3*f - 5*m - 3891 = 0, 0 = f + 2*m - 987 - x. What is the tens digit of f?
9
Let s(f) = -7*f - 54. Suppose -4*q = 3*j + 32, 3*j = -0*j + q - 52. What is the tens digit of s(j)?
5
Let p(d) = 158*d + 36. Let s be p(6). What is the hundreds digit of s*((-1)/(-4) - (-15)/60)?
4
Suppose 5*d - 14855 = -5*z, 0 = -3*d - d - 3*z + 11887. What is the tens digit of d?
7
Let x = 276 - 268. Let s(f) = -f**3 + 16*f**2 - 33*f - 1. What is the units digit of s(x)?
7
What is the tens digit of (-131216)/(-32) + 2/(-4)?
0
Let c(u) = -1304*u + 2033. What is the ten thousands digit of c(-7)?
1
Let p = -3478 + 10276. What is the units digit of p?
8
Suppose 0 = m - 3*x - 277, -3*m + 0*x + 3*x = -807. Suppose 10*i - 8*i - 4 = 0. Suppose -c = v - 43, -3*c = -5*v + i*c + m. What is the tens digit of v?
4
Let m = -265 + 268. Suppose -117 = -m*o + 3*r, -66 = -2*o + 4*r + r. What is the units digit of o?
3
Suppose 5*a = b + 36, 4*b - 38 + 14 = -4*a. Suppose -5189 = -a*c + 502. What is the units digit of c?
3
What is the hundreds digit of (-18 - -26)*(1/(-2))/(4/(-3442))?
4
Suppose r = -4*d - 1140, -3*r = 8*d - 9*d - 298. Let g = d + 747. What is the units digit of g?
1
Suppose 3*q - d = -q, -q = -4*d - 15. Let t(g) = 272*g**2 - g + 1. What is the hundreds digit of t(q)?
2
Let k = -45 - -47. Suppose -3*w = -k*w - 136. Suppose 4*c - w = -0. What is the tens digit of c?
3
Suppose -29*l + 26*l - 18 = 0. Let i(q) be the third derivative of -q**6/120 - q**5/10 - q**4/24 + 13*q**3/6 + 58*q**2. What is the units digit of i(l)?
9
Let t = -296 + 441. Let w = 5 + t. What is the hundreds digit of w?
1
What is the hundreds digit of (0 - (60/55 - (-3)/(-33))) + 13278?
2
Suppose 3*n = 3*z + n - 110, 70 = 2*z - 3*n. What is the units digit of z?
8
Suppose n = -5*j + 18006, -3*n = j + n - 3605. What is the hundreds digit of j?
6
Suppose -2987677 = -124*r - 516109. What is the hundreds digit of r?
9
Let y(c) = -135*c - 15. Let m be y(2). Let z = -193 - m. What is the tens digit of z?
9
Suppose 151*a = 4881524 + 5442648. What is the units digit of a?
2
Suppose -3*d - 13*y + 10*y - 21933 = 0, -d - 7323 = -2*y. What is the hundreds digit of d/(-28) + 2/(-8)?
2
Let o be (25 - 27) + -1 + 1. Suppose 187 = -5*h + 4*y, 0 = -2*h + y + 44 - 117. Let k = o - h. What is the tens digit of k?
3
Let p(n) = 3085*n - 1. What is the tens digit of p(1)?
8
Suppose 20*j + 40177 = 160877. What is the units digit of j?
5
What is the ten thousands digit of 66/(-1617)*-837543 + (-6)/14?
3
Let s(y) = 60*y**2 - 40*y - 580. What is the hundreds digit of s(-11)?
1
Let x(n) = 2*n**3 - 11*n**2 + 6*n. Let o be x(5). Suppose -1470 = -2*h - o*d - 457, -2*d = -4*h + 1990. What is the units digit of h?
9
Suppose -75*d + 163*d - 835980 = 68*d. What is the thousands digit of d?
1
Let u = -5566 - -10107. Suppose 22*f + 1241 - u = 0. What is the units digit of f?
0
Let t(f) = -25*f + 62. Let a(y) = 51*y - 124. Let h(p) = 4*a(p) + 9*t(p). What is the tens digit of h(-13)?
3
Let a(k) = -17*k**2 - 8*k - 6. Let n(o) = 66*o**2 + 32*o + 23. Let h(s) = -9*a(s) - 2*n(s). What is the units digit of h(-3)?
3
Suppose 113*x = 121*x + l - 21655, -4*l = x - 2734. What is the hundreds digit of x?
7
Let d(y) = -170*y + 13. Let l(s) = -113*s + 9. Let k(q) = -5*d(q) + 8*l(q). What is the tens digit of k(-14)?
6
Let k(r) = -6*r**3 + r**2 - 1. Let d be k(-1). Let g(v) = -193*v - 175*v + 6 + 337*v - 36*v**2 + 47*v**2. What is the tens digit of g(d)?
1
Let x(i) = -i**3 - 7*i**2 - 8*i + 7. Let g(s) = -s**2 - 3*s + 64. Let y be g(-10). What is the units digit of x(y)?
9
Suppose -4*j - 4 = -3*h, -5*j + 3 = -4*h + 8. Suppose y + 2*y - 2*p - 4196 = h, 3*p = y - 1387. What is the hundreds digit of y?
4
Let s = 5 - 3. Let z be (4/(-10))/(24/(-120)). Suppose -z*a - s*v + 104 = 0, -a + 12 = -5*v - 16. What is the units digit of a?
8
Let i be (-10 - -1)*10/6*-1. Suppose 0 = -i*m + 13*m + 24. What is the tens digit of -1*m/3 + 74?
7
Suppose -5*k - 62*k = -201. Let r = 4 - 2. Suppose -r*v + 18 = -j - 14, k*j = -6. What is the tens digit of v?
1
Suppose 2*n - 78306 = 4*s, n + 13*s - 39147 = 18*s. What is the tens digit of n?
5
Let y = 2725 - 1917. Let v = y + -476. What is the units digit of v?
2
What is the thousands digit of 2689 - (-19 - (20 + -61))?
2
Suppose -5*s + 1505 = 3*g, 4*s + 0*s - 511 = -g. Suppose 183 = 2*a - 0*a + 3*q, 5*a - 5*q - g = 0. Suppose 6*d = a + 1284. What is the units digit of d?
0
Let o be 1/4 - 11/44. Suppose -2 = -o*s - s. Suppose -55 + 15 = -s*i. What is the tens digit of i?
2
What is the units digit of (5745 - 85/17) + -10?
0
What is the hundreds digit of (-8)/(-7) + (-116509024)/(-3416)?
1
Suppose -3*c + 539 + 2026 = o, 5*o - 12915 = 3*c. Let n = -1687 + o. What is the tens digit of n?
9
Let y be (((-594)/63)/(-11))/(2/266). Suppose 111*n - y*n + 1320 = 0. What is the units digit of n?
0
Let s = 11 + -3. Let r(u) = -5 - 9*u - 4*u - s*u**2 - 4 + 2*u + u**3. What is the tens digit of r(10)?
8
Let a(s) be the second derivative of 55*s**3/6 + 157*s**2/2 + 36*s. What is the tens digit of a(7)?
4
Suppose -61 = i + 11. Let y = i - -263. Let l = -120 + y. What is the units digit of l?
1
Sup